 Calculate d(-48).
-28
Let r(b) = 805*b + 1063. What is r(-1)?
258
Let l(v) = -2*v**2 - 527*v - 20566. Determine l(-48).
122
Let s(w) = 439*w + 3725. Calculate s(-14).
-2421
Let s(i) = i**3 - 15*i**2 + 12139*i - 169747. Determine s(14).
3
Let n(r) = -3832*r + 46146. Give n(12).
162
Let f(h) = -2*h**2 + 614*h - 14705. Calculate f(26).
-93
Let c(x) = 2*x**3 - 39*x**2 - 5*x + 64. Calculate c(0).
64
Let l(a) = -522*a**2 - 310046*a + 13072. Calculate l(-594).
4
Let u(v) = -114*v**2 - 1446*v - 1451. What is u(-1)?
-119
Let j(c) = 12*c**3 - 18*c**2 - 40*c + 100. Calculate j(2).
44
Let y(x) = x**3 + 49*x**2 - 40*x - 1990. Calculate y(-49).
-30
Let z(r) = 8*r**2 + 614*r - 1474. Give z(-79).
-52
Let f(d) = 2*d**3 + 596*d**2 - 34*d - 10063. Calculate f(-298).
69
Let j(v) = v**3 + 36*v**2 - 2199*v - 78845. Give j(-36).
319
Let d(k) = -32*k**2 + 75*k - 119. What is d(0)?
-119
Let s(k) = 9*k**2 - 1149*k + 17747. Determine s(18).
-19
Let d(v) = 466*v**2 + 4656*v - 34. Calculate d(-10).
6
Let v(k) = -3*k**3 - 29*k**2 - 10*k - 91. Determine v(0).
-91
Let w(d) = 2*d**2 + 48*d - 40159. Determine w(-153).
-685
Let m(l) = -4783*l - 9502. What is m(-2)?
64
Let l(f) = 11*f**3 + 459*f**2 + 336*f + 285. What is l(-41)?
-43
Let g(l) = l**2 + 100*l + 3319. Determine g(-37).
988
Let s(b) = 64*b**2 + 15381*b - 25879. What is s(-242)?
15
Let d(l) = -l**3 - 116*l**2 - 177*l + 1841. Calculate d(-114).
-3973
Let c(v) = 5855*v + 35130. Determine c(-6).
0
Let s(h) = 246*h - 63192. Calculate s(257).
30
Let d(b) = 172*b**2 - 2061*b - 86. Give d(12).
-50
Let t(v) = 3*v**2 - 19782*v + 2577938. Give t(133).
-1
Let x(n) = 1209735*n - 10887602. Give x(9).
13
Let m(r) = -r**2 + 31*r + 169. Give m(43).
-347
Let d(l) = 108*l - 6808. What is d(59)?
-436
Let d(r) = 936*r - 160940. What is d(172)?
52
Let n(r) = 654*r - 41203. What is n(63)?
-1
Let k(q) = 8500*q + 50988. Calculate k(-6).
-12
Let w(q) = -173*q**3 + 6*q - 30. Give w(2).
-1402
Let c(j) = 10*j**2 + 107*j + 209. Determine c(-8).
-7
Let a(j) = j**3 + 24*j**2 + 114*j - 38. Give a(0).
-38
Let i(g) = -57*g**2 + 1093*g - 3299. What is i(3)?
-533
Let p(y) = -5*y + 39. Calculate p(11).
-16
Let a(n) = -34550*n + 34552. Determine a(1).
2
Let v(b) = -19*b**3 + 570*b**2 - 1929*b - 1233. Give v(26).
-11
Let q(w) = -832*w**2 + 163889*w + 2950. Determine q(197).
-5
Let h(u) = 40947*u - 5855376. Give h(143).
45
Let b(i) = 5*i**2 - 113473*i + 1134223. Give b(10).
-7
Let c(t) = 9*t**3 + 3466*t**2 + 383*t - 2126. Determine c(-385).
-1356
Let z(u) = -1078*u - 60. Give z(-2).
2096
Let j(d) = d**2 - 31813*d - 95436. What is j(-3)?
12
Let t(c) = -c**3 - 970*c**2 - 31*c - 30050. What is t(-970)?
20
Let y(k) = -5690*k - 284489. Determine y(-50).
11
Let v(b) = -252011*b - 4284103. What is v(-17)?
84
Let s(y) = -6*y**2 + 599*y + 12044. What is s(117)?
-7
Let d(n) = 409*n - 46834. Calculate d(114).
-208
Let d(m) = m**2 - 5516*m + 1083648. Calculate d(204).
0
Let j(f) = -f**2 + 155936*f - 6703404. Give j(43).
-5
Let r(j) = -283166*j + 3397981. Give r(12).
-11
Let v(d) = 179*d - 3672. Give v(27).
1161
Let c(h) = h**3 - 29*h**2 + 170*h + 320. Calculate c(19).
-60
Let y(a) = 2*a**3 + 42*a**2 + 66*a - 341. Give y(-19).
-151
Let k(x) = x**2 + 2211*x + 315. Give k(0).
315
Let m(g) = -7*g**2 + 519*g + 16. Determine m(74).
90
Let z(h) = 12*h**2 + 2459*h - 17970. Determine z(-212).
50
Let j(t) = -12759*t - 791060. Give j(-62).
-2
Let o(u) = -3*u**2 - 1553*u - 30041. Determine o(-20).
-181
Let o(f) = -1908*f + 11369. What is o(6)?
-79
Let z(i) = 2157*i - 404. Determine z(0).
-404
Let v(n) = -n**3 + 131*n**2 + 816*n - 15. Determine v(-6).
21
Let t(d) = 104*d**2 + 231*d - 248. Give t(-3).
-5
Let w(c) = 243*c + 7505. What is w(-34)?
-757
Let b(s) = 132155*s - 8722245. Give b(66).
-15
Let x(o) = -1704*o - 410646. What is x(-241)?
18
Let x(h) = -7*h**2 - 106*h + 2021. Give x(14).
-835
Let q(s) = -79*s**2 - 1272*s - 265. Give q(-16).
-137
Let u(h) = 39*h**3 - 360*h**2 + 389*h - 49. Give u(8).
-9
Let r(a) = -674*a - 30934. What is r(-46)?
70
Let u(i) = 4*i**3 + 11*i**2 + 26*i + 85. Calculate u(-4).
-99
Let y(j) = 644*j + 94203. What is y(-150)?
-2397
Let q(m) = -6278*m + 18758. Determine q(3).
-76
Let k(d) = -d**2 + 2793*d - 123439. Give k(45).
221
Let q(b) = -2171*b + 23866. Determine q(11).
-15
Let o(z) = -5*z**2 - 235*z - 57. Calculate o(-46).
173
Let u(s) = -348*s**2 - 1664*s + 1673. Calculate u(1).
-339
Let f(d) = 431*d - 607283. Determine f(1409).
-4
Let l(z) = 408*z + 2678. Calculate l(-4).
1046
Let y(o) = 97*o**2 + 50*o - 192. Give y(4).
1560
Let h(v) = -16*v**2 - 19412*v + 38838. Calculate h(2).
-50
Let w(v) = 4118*v - 2573747. Calculate w(625).
3
Let q(n) = -2361*n - 101482. Determine q(-43).
41
Let k(d) = 1076*d**2 + 1091*d + 12. What is k(-1)?
-3
Let b(r) = -2*r**2 - 68*r - 30. Calculate b(-29).
260
Let t(i) = i**3 - 50*i**2 - 85*i + 1484. Calculate t(51).
-250
Let d(i) = -2*i**3 - 18*i**2 - 120*i - 716. What is d(-7)?
-72
Let r(o) = 7731*o + 92779. Give r(-12).
7
Let l(u) = -3*u**3 + 306*u**2 + 362. What is l(102)?
362
Let f(w) = -w**3 - 17*w**2 + 714*w + 92. Calculate f(20).
-428
Let o(x) = x**2 + 50620*x - 151863. What is o(3)?
6
Let t(r) = -800*r**2 + 65594*r + 419. What is t(82)?
-73
Let p(n) = -1093*n - 112582. What is p(-103)?
-3
Let s(w) = -111565*w + 557794. Calculate s(5).
-31
Let w(j) = -2*j**3 + 58*j**2 - 229*j - 259. Give w(24).
5
Let f(u) = -1140521*u - 6843197. What is f(-6)?
-71
Let w(v) = 1402*v + 82727. Give w(-59).
9
Let c(t) = -23*t**2 + 912*t + 1146. What is c(41)?
-125
Let u(t) = -t**3 + 66*t**2 - 651*t + 203. Determine u(11).
-303
Let o(b) = 34*b**2 + 84*b - 447. What is o(6)?
1281
Let z(g) = 11*g**2 - 414*g - 161. What is z(40)?
879
Let y(q) = 3*q**3 - 3029*q**2 + 2719*q - 707310. What is y(1009)?
-1
Let t(i) = -5*i**3 + 471*i**2 + 397*i - 1620. Give t(95).
-5
Let b(h) = h**2 - 1393*h - 37049. What is b(-26)?
-155
Let q(o) = 2445*o - 36652. Calculate q(15).
23
Let y(b) = -515*b - 39163. Calculate y(-76).
-23
Let i(u) = -1040*u + 271084. What is i(261)?
-356
Let u(f) = -12*f**3 + 194*f + 249. What is u(-3)?
-9
Let w(b) = b**2 - 163*b - 1993. Give w(-12).
107
Let g(b) = 78*b**2 - 4825*b - 28963. Calculate g(-6).
2795
Let d(b) = b**3 + 14*b**2 + 161*b - 1795. What is d(8)?
901
Let h(p) = -p**3 + 670*p**2 - 8539*p - 31. Give h(13).
-5
Let o(y) = -93*y**2 + 2453*y - 100. Calculate o(26).
810
Let h(j) = -18*j + 1061. Give h(60).
-19
Let m(z) = -1594*z + 1852. Calculate m(1).
258
Let a(u) = -11*u**3 + 20*u**2 + 46*u + 42. Determine a(-6).
2862
Let x(j) = -778*j + 164154. Calculate x(211).
-4
Let z(n) = n**3 + 30*n**2 - 217*n - 905. Calculate z(-3).
-11
Let n(i) = i**2 + 2483*i - 1346967. What is n(458)?
11
Let h(a) = -2221*a - 63942. Determine h(-27).
-3975
Let h(q) = -q**3 + 86*q**2 - 59*q + 5646. Calculate h(86).
572
Let y(b) = 2*b**3 - 258*b**2 + 5944*b - 396. Determine y(99).
0
Let f(o) = -79556*o - 316073. Determine f(-4).
2151
Let d(m) = 1350*m + 262. Give d(0).
262
Let m(a) = 79*a**3 + 959*a**2 + 22*a - 8. Give m(-12).
1312
Let v(l) = 589899*l - 8258584. What is v(14)?
2
Let c(o) = -o**3 - 115*o**2 - 214*o - 11286. What is c(-114)?
114
Let m(c) = 19813*c - 752909. Give m(38).
-15
Let y(h) = -h**3 + 121*h**2 + 3292*h - 439. Give y(-23).
21
Let b(y) = -y**3 - 66*y**2 + 1506*y - 492. Determine b(-84).
12
Let p(x) = x**3 + 112*x**2 + 931*x + 7. What is p(-9)?
-29
Let b(c) = 5*c**3 - 24*c**2 - 577*c + 2861. Calculate b(5).
1
Let m(r) = -3*r**2 + 145*r - 136. Give m(49).
-234
Let r(g) = 388927*g - 5056052. Calculate r(13).
-1
Let s(d) = d**3 + 195*d**2 + 6530*d - 863. Give s(-152).
49
Let t(m) = -11*m**2 + 53251*m + 319889. Calculate t(-6).
-13
Let j(f) = 5154*f - 1798760. Give j(349).
-14
Let o(u) = 6*u**3 - 150*u**2 + 929*u + 16. Calculate o(13).
-75
Let j(y) = -7*y**2 + y - 97. What is j(7)?
-433
Let t(q) = 3*q**3 - 11*q**2 - 402*q - 993. Give t(-3).
33
Let h(k) = -2*k**2 + 119*k + 722. Give h(61).
539
Let d(c) = 2*c**2 - 14874*c + 5269741. Calculate d(373).
-3
Let f(m) = -22*m**2 + 1023*m - 8172. Determine f(8).
-1396
Let t(d) = -77682*d + 77635. Give t(1).
-47
Let t(j) = 9125*j - 264653. Give t(29).
-28
Let n(o) = -2*o**3 - 80*o**2 + 107*o + 934. What is n(-41)?
-91
Let x(r) = 2*r**3 - 8*r**2 - 8*r - 225. Calculate x(9).
513
Let i(p) 